 is (21 - (6 - 7 - -14)) + -23?
-15
What is (4 - -6 - 1) + (4 - (-3 - -2))?
14
What is -7 - (2 + (7 - (2 - -11)) + -2)?
-1
What is the value of -6 + 6 + (8 - 5)?
3
Calculate 8 + 24 + -16 + -16.
0
Calculate -7 + (0 - 5 - -15) + 30 + -8.
25
Calculate 11 + -9 - (-5 + 2 - 2) - -8.
15
Evaluate 1 + (-2 + -1 - (11 + -13)).
0
Evaluate 2 - (12 + 6 - 5) - (19 - 17).
-13
What is -11 + (-32 + 30 + 2 - (-1 - -9))?
-19
What is (0 - (4 + (-5 - -11) - 4)) + -1?
-7
(-13 - (5 + -13) - -12) + 13
20
-6 - (-86 - -84 - (0 - -2 - 3))
-5
-13 - 1 - (-7 + 2 - -4)
-13
What is the value of 3 + (11 - (14 + -7)) - (10 + -2)?
-1
Calculate (-7 - -2 - -2) + 7 - 8.
-4
0 - 6 - 0 - (-3 - -2 - -4)
-9
What is -19 - (-38 + 41 - (-5 - (2 + 0)))?
-29
What is the value of -7 + 16 - ((-9 - (7 + -43)) + -6)?
-12
Evaluate -1 - -11 - (1032 - 1039).
17
What is 6 + -8 + 0 - (-3 + -28 - -3)?
26
Calculate -15 - (-9 + 16 + -17) - (-23 + -2).
20
Calculate -43 - ((6 + 1 - 3) + -15).
-32
Calculate -7 + (8 - ((0 - 4) + 3)) + 3.
5
Calculate 110 + -141 + 16 + 2.
-13
What is the value of -25 - (-18 + -4 - 11)?
8
What is 5 + (-6 - ((27 - 37) + (-3 - 0)))?
12
Evaluate 6 + 1 - (38 + -15).
-16
What is the value of -6 - (-15 + -5 + 19 + -5)?
0
Evaluate 15 - (8 + -15) - (8 + (-5 - -5)).
14
Evaluate -22 + 42 + (13 - 36).
-3
Evaluate (7 + -8 + -4 - (2 + -11)) + -2.
2
What is the value of -7 + (-7 - -26) + -7 + 0?
5
Evaluate -13 + (-3 - 9 - -41).
16
What is the value of -3 + -21 - -12 - -14 - (1 - 2)?
3
What is 79 + -62 + (-12 - -3)?
8
What is the value of (4 - 11) + -3 + 46 + -40?
-4
What is the value of 14 - (3 + 13 + -11)?
9
Evaluate (-3 - (2 - -3)) + 35 + -22.
5
Evaluate -6 - ((4 - 3) + -7 + 8).
-8
What is the value of 414 + -410 + (-5 - -3 - 10)?
-8
What is the value of -30 + 28 + 2 + -2 + 5 + -3?
0
What is the value of (44 - 57) + 8 + 17?
12
Calculate -8 + -8 + 12 + 3.
-1
Evaluate -121 - -86 - (2 - 20).
-17
Evaluate 15 - 0 - (86 + -55).
-16
What is -8 + (-6 + 1 - -3) + 3?
-7
5 - (-29 - -20 - (5 - 2))
17
Evaluate -46 - -36 - (-20 - -2).
8
What is the value of 49 + (-2 + 17 - 92)?
-28
What is (0 - (4 - -1)) + (10 - 0) + 4?
9
0 - -4 - (-269 - -291)
-18
What is (-17 - -17 - -4) + 17 + 11?
32
(2 + 0 - 5) + (11 - 3)
5
-9 + -28 - -19 - -1
-17
Calculate 15 + -14 + -3 + -2 + (36 - 3).
29
What is -23 + (2 - (-17 - (-38 - -13)))?
-29
Evaluate 3 + (24 + -31 - (-3 + 1)).
-2
Calculate -16 - -31 - 21 - (-26 - (-2 + 3)).
21
What is the value of -24 + -6 + 13 + -14 + 22?
-9
-113 - -91 - ((-4 - -3) + -6)
-15
Evaluate -12 - (78 - 72 - (20 + -2)).
0
What is 7 + 1 + (-258 - -259)?
9
What is -14 - ((-13 - -1) + (-97 - -87))?
8
Evaluate 2 - (1 - -9) - (0 - 4) - -3.
-1
Evaluate -5 + (-14 - -7) + -2.
-14
What is the value of (-4 + 3 - (0 - (2 + 1))) + 5?
7
What is -8 + 63 + -32 + -24?
-1
What is (1 - 10 - -2) + -8 - (1 + 7)?
-23
Evaluate -972 - -955 - (1 - 7).
-11
Evaluate -45 - -29 - (-31 - -2).
13
Calculate -31 + 15 - -6 - -9.
-1
Calculate -13 - (14 - (36 - 8)) - (9 + 0).
-8
What is (-12 - -10 - 27 - (-14 + 9)) + 6?
-18
What is (36 - 40) + (7 - 2) + -6?
-5
Calculate 11 - -3 - 1 - 9.
4
What is 1 + (3 - (-2 + 17))?
-11
6 - (5 + -16) - 14
3
What is (-17 - -14) + 9 + (10 - (-2 + 7))?
11
What is the value of 2 + 2 + -6 - (-32 + 23)?
7
What is 32 + (2 + -6 - (-14 + 23))?
19
What is the value of (-71 - -84) + (-3 - 1)?
9
What is the value of 1 - (30 + 7 + (-9 - 10))?
-17
Calculate (-17 - -18) + (1 - 4) - 6 - 1.
-9
What is -28 - ((15 - (-3 + 6)) + -12)?
-28
Calculate -2 + -9 + 6 + (0 - 1) + 10.
4
Calculate 39 + -6 - (71 - 67).
29
Evaluate 418 + -423 + (8 + 1 - 2) + -2.
0
Evaluate -1 + 16 + (47 - 41).
21
Evaluate -2 - (19 + -20 - (-14 + (-5 - -10))).
-10
(-5 - 13 - (13 - (3 - -3))) + 6
-19
Calculate -1 + 6 + 0 - (-8 - -8) - 1.
4
What is the value of (25 - (53 + -31)) + 23?
26
Evaluate -4 + 16 + (2 - (-1 + 3)).
12
Calculate (-58 - -39) + 7 + 1 + -1.
-12
Evaluate 946 + -942 - (-3 - -1 - -2 - 10).
14
Evaluate 16 + -21 + 10 + -12 + 8 + -14.
-13
-87 + 94 - (37 + 0 - (-23 - -24))
-29
What is the value of (-7 + 3 - 11) + (-14 - -17) + -12?
-24
What is the value of -56 + 70 - (13 + -23)?
24
What is the value of 439 + -458 + (-1 - (-3 - -2)) + -1?
-20
Evaluate (-1 - ((11 - 12) + 6 + -10)) + -10.
-6
-11 - (1 - 1) - ((-16 - -13) + -10)
2
What is the value of -73 + 66 - (-6 - -1) - (-10 + 14)?
-6
Evaluate 12 + (1 - 13 - (-221 - -227)).
-6
What is the value of (2 - -14) + -2 + 0 + (0 - 1)?
13
Evaluate 16 - 2 - (-64 + 25 - -64).
-11
What is (-6 + (-8 - -4) - 1) + -1?
-12
Evaluate -8 + -3 + 7 + 4 + 5 + -9.
-4
What is the value of -1 - (-6 - -1) - 10?
-6
What is the value of (9 + -16 + -3 - -8) + 14?
12
Evaluate (-5 - (-7 + 1 - (-25 + 16))) + 11.
3
(-2 - -3) + (5 - 9 - -8) + -9
-4
What is the value of 15 + (1 - -11) + -15?
12
What is the value of (-29 - -13) + -4 + 23?
3
What is 2 + -2 + (13 - 8 - -7)?
12
Evaluate (-14 - (-9 + -7 + 24)) + 10.
-12
10 + (8 - (156 + -113 + -9 + -1))
-15
What is the value of (9 - (2 + -7)) + -1?
13
Evaluate (41 - 56) + (3 - -26).
14
Calculate -18 - (-12 - ((4 - 11) + 0 + -2)).
-15
What is (-4 - (31 + -17 + 0)) + 35?
17
What is 10 + (-3 + 16 - 15) + 10?
18
What is -24 - -14 - (-12 - -2)?
0
What is the value of 43 - (-1 - (-24 - 0))?
20
15 + -6 - (14 + -3 - (5 - 0))
3
Calculate (27 - 19 - 11) + 0 + -1 + -5.
-9
(-1 - 20) + 18 + -10 + 1
-12
Evaluate -20 + 1 - (40 + -26 - 12).
-21
Calculate -66 - (-41 + (16 - 14)).
-27
Calculate -39 + 18 + 14 - (-10 + -1).
4
What is (0 - -4) + (-10 - (-12 + 10)) + 3?
-1
What is -6 + (0 - -9 - 6) + (-1 - 2)?
-6
1 + -4 - (-17 + (14 - -2))
-2
(0 - 0 - (-5 - 5)) + -13
-3
Calculate -24 - (6 + 4 - (0 - (-9 - -1))).
-26
What is the value of 49 + -57 + 0 + -2 + 1 + 35?
26
What is the value of (34 - 17) + -5 - -2?
14
What is the value of -1 + -4 + (7 - -9)?
11
Evaluate 10 - ((7 - -7) + 1).
-5
What is the value of 18 - (-1 + 21) - 10?
-12
Evaluate -4 + 7 + (-1 - 2) + -10 + 12.
2
What is 9 + (-19 - (-3 - 10))?
3
34 + -1 - (1050 + -1032)
15
What is the value of 15 + -44 + 11 + -2 + -3 + 8?
-15
What is the value of -6 + -30 + 7 + 9 - -7?
-13
What is (473 - 453) + (0 - 61) + 5 + 1?
-35
Calculate (-25 - 0) + (21 - (9 + 4)).
-17
Calculate -25 + (-24 - -39) - -3.
-7
What is the value of 5 + 5 - (12 - ((-38 - -9) + 3))?
-28
What is the value of (1 - 56 - -6 - (-17 - -18)) + 12?
-38
Evaluate (271 - 260) + (-26 - -1).
-14
What is 2 - (22 - 13) - -17?
10
What is the value of (-12 - (-1 - -8)) + 10 + 16?
7
What is the value of 0 + -8 + (-38 - -32)?
-14
Evaluate -15 + (22 - 14) - (0 + -13) - 16.
-10
Evaluate (4 - (-5 + 1 - 5)) + (3 - 9).
7
What is -26 - -10 - (-96 - -95 - (9 - 1))?
-7
-3 + 27 + (24 - 32)
16
What is the value of 9 - (8 + -10 - -19)?
-8
Calculate -15 - -30 - 13 - (-10 - -1).
11
-29 + (-23 - -67) + -28
-13
Evaluate (-25 - -1) + 4 + 9 + (7 - 19).
-23
Evaluate -8 + (-1 - 5) + -6 - (3 - -2).
-25
28 - (31 + -20) - (0 - 6)
23
Evaluate (-2 - 0 - -11) + (53 - 66).
-4
What is (-4 + -8 - -8) + 3 - 11?
-12
What is the value of 19 + (37 - 71) + -11?
-26
What is the value of (-30 - -17) + 3 + 10?
0
Calculate (-41 - -38) + (0 - 0 - (0 - 16)).
13
What is the value of (-33 - (25 - 63)) + (-1 - 0 - -6)?
10
What is the value of 2 + 1 + -2 + -12 - (-136 - -136)?
-11
-7 + 1 + 25 + -61 + 41
-1
Evaluate (-8 + -6 + 3 - -6) + (-1 - -2).
-4
Calculate (-32 - (-5 + 0)) + 12.
-15
What is the value of (-18 - (-2 - -5)) + 43?
22
Evaluate -14 + 21 + -15 - -2.
-6
Calculate -14 - ((-11 - 0) + (-3 - 1 - -9)).
-8
What is the value of (-2 - 0) + 8 - (-1 - 1)?
8
Calculate 22 - (17 - (15 + -10)).
10
Evaluate 5 - 4 - 5 - (-8 - -2).
2
Calculate 18 - (10 - 9 - (4 - (-1 + 7))).
15
What is the value of 11 + 22 + -40 - (1 - 0)?
-8
-17 - 1 - (14 + (-9 - -5) + -17)
-11
(3 - (3 + -17)) + -27
-10
Calculate -3 - -32 - (-583 - -581).
31
What is the value of -1 - (10 - 7) - (4 + -13 - -7)?
-2
Calculate -2 - (0 + -4) - (49 + -47).
0
What is the value of (-1 - -28 - 49) + -3?
-25
What is the value of 27 + -11 + 1 + -15 + 5?
7
Evaluate 5 + -22 - -32 - -14.
29
(0 - -2) + (989 - 1009)
-18
What is the value of 29 - (0 + 11 + (1 - 3))?
20
Evaluate (6 - 0) + (8 - (0 + 7)).
7
Calculate (11 - (10 + -2 + 12)) + -11.
-20
Evaluate 23 + -30 - -24 - 3.
14
16 + (-16 - -18) + -15
3
What is the value of (0 - 4 - 2) + 8 - -3?
5
-184 + 198 - (1 + 23) - 3
-13
What i